{"id":139093,"date":"2025-07-11T16:12:10","date_gmt":"2025-07-11T16:12:10","guid":{"rendered":"https:\/\/cambrils-turisme.com\/esdeveniment\/visites-theatralisees\/"},"modified":"2025-07-25T09:36:06","modified_gmt":"2025-07-25T09:36:06","slug":"visites-theatralisees","status":"publish","type":"mec-events","link":"https:\/\/cambrils-turisme.com\/fr\/esdeveniment\/visites-theatralisees\/","title":{"rendered":"VISITES TH\u00c9\u00c2TRALIS\u00c9ES"},"content":{"rendered":"<p>Tous les mardis dans la vieille ville<\/p>\n<p>Les &lsquo;vileros&rsquo; de Cambrils<\/p>\n<p>Point de rencontre\u00a0: Pla\u00e7a del Setge<\/p>\n<p>JULLIET<\/p>\n<p>Jour 8<\/p>\n<p>18h : Anglais &#8211; 19h Catalan &#8211; 20h : Espagnol<\/p>\n<p>Jours 15 et 29<\/p>\n<p>19h Catalan &#8211; 20h : Espagnol<\/p>\n<p>Jour 22<\/p>\n<p>18h : Anglais &#8211; 19h Catalan &#8211; 20h : Espagnol<\/p>\n<p>AO\u00dbT<\/p>\n<p>Jours 5 et 19<\/p>\n<p>19h : Catalan &#8211; 20h : Espagnol<\/p>\n<p>Jour 12<\/p>\n<p>18h : Anglais &#8211; 19h : Catalan &#8211; 20h : Espagnol<\/p>\n<p>Jour 26<\/p>\n<p>18h : Anglais &#8211; 19h : Catalan &#8211; 20h : Espagnol<\/p>\n<p>Visite gratuite sur inscription pr\u00e9alable \u00e0 l&rsquo;Office de Tourisme ou en appelant le 977 79 23 07<\/p>\n","protected":false},"excerpt":{"rendered":"<p>Tous les mardis dans la vieille ville Les &lsquo;vileros&rsquo; de Cambrils Point de rencontre\u00a0: Pla\u00e7a del Setge JULLIET Jour 8 18h : Anglais &#8211; 19h Catalan &#8211; 20h : Espagnol Jours 15 et 29 19h Catalan &#8211; 20h : Espagnol Jour 22 18h : Anglais &#8211; 19h Catalan &#8211; 20h : Espagnol AO\u00dbT Jours 5 [&hellip;]<\/p>\n","protected":false},"author":174014,"featured_media":139059,"comment_status":"closed","ping_status":"closed","template":"","tags":[],"mec_category":[729],"acf":[],"_links":{"self":[{"href":"https:\/\/cambrils-turisme.com\/fr\/wp-json\/wp\/v2\/mec-events\/139093"}],"collection":[{"href":"https:\/\/cambrils-turisme.com\/fr\/wp-json\/wp\/v2\/mec-events"}],"about":[{"href":"https:\/\/cambrils-turisme.com\/fr\/wp-json\/wp\/v2\/types\/mec-events"}],"author":[{"embeddable":true,"href":"https:\/\/cambrils-turisme.com\/fr\/wp-json\/wp\/v2\/users\/174014"}],"replies":[{"embeddable":true,"href":"https:\/\/cambrils-turisme.com\/fr\/wp-json\/wp\/v2\/comments?post=139093"}],"wp:featuredmedia":[{"embeddable":true,"href":"https:\/\/cambrils-turisme.com\/fr\/wp-json\/wp\/v2\/media\/139059"}],"wp:attachment":[{"href":"https:\/\/cambrils-turisme.com\/fr\/wp-json\/wp\/v2\/media?parent=139093"}],"wp:term":[{"taxonomy":"post_tag","embeddable":true,"href":"https:\/\/cambrils-turisme.com\/fr\/wp-json\/wp\/v2\/tags?post=139093"},{"taxonomy":"mec_category","embeddable":true,"href":"https:\/\/cambrils-turisme.com\/fr\/wp-json\/wp\/v2\/mec_category?post=139093"}],"curies":[{"name":"wp","href":"https:\/\/api.w.org\/{rel}","templated":true}]}}

VISITES THÉÂTRALISÉES

<p>Tous les mardis dans la vieille ville</p>
<p>Les &lsquo;vileros&rsquo; de Cambrils</p>
<p>Point de rencontre : Plaça del Setge</p>
<p>JULLIET</p>
<p>Jour 8</p>
<p>18h : Anglais &#8211; 19h Catalan &#8211; 20h : Espagnol</p>
<p>Jours 15 et 29</p>
<p>19h Catalan &#8211; 20h : Espagnol</p>
<p>Jour 22</p>
<p>18h : Anglais &#8211; 19h Catalan &#8211; 20h : Espagnol</p>
<p>AOÛT</p>
<p>Jours 5 et 19</p>
<p>19h : Catalan &#8211; 20h : Espagnol</p>
<p>Jour 12</p>
<p>18h : Anglais &#8211; 19h : Catalan &#8211; 20h : Espagnol</p>
<p>Jour 26</p>
<p>18h : Anglais &#8211; 19h : Catalan &#8211; 20h : Espagnol</p>
<p>Visite gratuite sur inscription préalable à l&rsquo;Office de Tourisme ou en appelant le 977 79 23 07</p>

<p>Tous les mardis dans la vieille ville Les &lsquo;vileros&rsquo; de Cambrils Point de rencontre : Plaça del Setge JULLIET Jour 8 18h : Anglais &#8211; 19h Catalan &#8211; 20h : Espagnol Jours 15 et 29 19h Catalan &#8211; 20h : Espagnol Jour 22 18h : Anglais &#8211; 19h Catalan &#8211; 20h : Espagnol AOÛT Jours 5 [&hellip;]</p>
