{"id":139092,"date":"2025-07-11T16:12:10","date_gmt":"2025-07-11T16:12:10","guid":{"rendered":"https:\/\/cambrils-turisme.com\/esdeveniment\/visitas-teatrealizadas-2\/"},"modified":"2025-07-25T09:35:17","modified_gmt":"2025-07-25T09:35:17","slug":"visitas-teatrealizadas-2","status":"publish","type":"mec-events","link":"https:\/\/cambrils-turisme.com\/es\/esdeveniment\/visitas-teatrealizadas-2\/","title":{"rendered":"VISITAS TEATREALIZADAS"},"content":{"rendered":"<p>Cada martes en el Casco Antiguo<\/p>\n<p>Los &#8216;vileros&#8217; de Cambrils<\/p>\n<p>Punto de encuentro: Plaza del Setge<\/p>\n<p>JULIO<\/p>\n<p>D\u00eda 8<\/p>\n<p>18h: ingl\u00e9s &#8211; 19h catal\u00e1n &#8211; 20h: castellano<\/p>\n<p>D\u00edas 15 y 29<\/p>\n<p>19h catal\u00e1n &#8211; 20h: castellano<\/p>\n<p>D\u00eda 22<\/p>\n<p>18h: ingl\u00e9s &#8211; 19h catal\u00e1n &#8211; 20h: castellano<\/p>\n<p>AGOSTO<\/p>\n<p>D\u00edas 5 y 19<\/p>\n<p>19h: catal\u00e1n- 20h: castellano<\/p>\n<p>D\u00eda 12<\/p>\n<p>18h: ingl\u00e9s &#8211; 19h: catal\u00e1n &#8211; 20h: castellano<\/p>\n<p>D\u00eda 26<\/p>\n<p>18h: ingl\u00e9s &#8211; 19h: catal\u00e1n &#8211; 20h: castellano<\/p>\n<p>Visita gratuita con inscripci\u00f3n previa a la Oficina de Turismo o llamando al 977 79 23 07<\/p>\n<p>&nbsp;<\/p>\n","protected":false},"excerpt":{"rendered":"<p>Cada martes en el Casco Antiguo Los &#8216;vileros&#8217; de Cambrils Punto de encuentro: Plaza del Setge JULIO D\u00eda 8 18h: ingl\u00e9s &#8211; 19h catal\u00e1n &#8211; 20h: castellano D\u00edas 15 y 29 19h catal\u00e1n &#8211; 20h: castellano D\u00eda 22 18h: ingl\u00e9s &#8211; 19h catal\u00e1n &#8211; 20h: castellano AGOSTO D\u00edas 5 y 19 19h: catal\u00e1n- 20h: castellano [&hellip;]<\/p>\n","protected":false},"author":174014,"featured_media":139060,"comment_status":"closed","ping_status":"closed","template":"","tags":[],"mec_category":[763],"acf":[],"_links":{"self":[{"href":"https:\/\/cambrils-turisme.com\/es\/wp-json\/wp\/v2\/mec-events\/139092"}],"collection":[{"href":"https:\/\/cambrils-turisme.com\/es\/wp-json\/wp\/v2\/mec-events"}],"about":[{"href":"https:\/\/cambrils-turisme.com\/es\/wp-json\/wp\/v2\/types\/mec-events"}],"author":[{"embeddable":true,"href":"https:\/\/cambrils-turisme.com\/es\/wp-json\/wp\/v2\/users\/174014"}],"replies":[{"embeddable":true,"href":"https:\/\/cambrils-turisme.com\/es\/wp-json\/wp\/v2\/comments?post=139092"}],"wp:featuredmedia":[{"embeddable":true,"href":"https:\/\/cambrils-turisme.com\/es\/wp-json\/wp\/v2\/media\/139060"}],"wp:attachment":[{"href":"https:\/\/cambrils-turisme.com\/es\/wp-json\/wp\/v2\/media?parent=139092"}],"wp:term":[{"taxonomy":"post_tag","embeddable":true,"href":"https:\/\/cambrils-turisme.com\/es\/wp-json\/wp\/v2\/tags?post=139092"},{"taxonomy":"mec_category","embeddable":true,"href":"https:\/\/cambrils-turisme.com\/es\/wp-json\/wp\/v2\/mec_category?post=139092"}],"curies":[{"name":"wp","href":"https:\/\/api.w.org\/{rel}","templated":true}]}}

<p>Cada martes en el Casco Antiguo</p>
<p>Los &#8216;vileros&#8217; de Cambrils</p>
<p>Punto de encuentro: Plaza del Setge</p>
<p>JULIO</p>
<p>Día 8</p>
<p>18h: inglés &#8211; 19h catalán &#8211; 20h: castellano</p>
<p>Días 15 y 29</p>
<p>19h catalán &#8211; 20h: castellano</p>
<p>Día 22</p>
<p>18h: inglés &#8211; 19h catalán &#8211; 20h: castellano</p>
<p>AGOSTO</p>
<p>Días 5 y 19</p>
<p>19h: catalán- 20h: castellano</p>
<p>Día 12</p>
<p>18h: inglés &#8211; 19h: catalán &#8211; 20h: castellano</p>
<p>Día 26</p>
<p>18h: inglés &#8211; 19h: catalán &#8211; 20h: castellano</p>
<p>Visita gratuita con inscripción previa a la Oficina de Turismo o llamando al 977 79 23 07</p>
<p>&nbsp;</p>

<p>Cada martes en el Casco Antiguo Los &#8216;vileros&#8217; de Cambrils Punto de encuentro: Plaza del Setge JULIO Día 8 18h: inglés &#8211; 19h catalán &#8211; 20h: castellano Días 15 y 29 19h catalán &#8211; 20h: castellano Día 22 18h: inglés &#8211; 19h catalán &#8211; 20h: castellano AGOSTO Días 5 y 19 19h: catalán- 20h: castellano [&hellip;]</p>
